nder when 1209606 is divided by 3360?
6
Calculate the remainder when 3168563 is divided by 7766.
35
What is the remainder when 723074 is divided by 284?
10
What is the remainder when 61567 is divided by 20116?
1219
What is the remainder when 7265956 is divided by 807323?
49
What is the remainder when 173625031 is divided by 2597?
2596
Calculate the remainder when 18319195 is divided by 1409167.
24
Calculate the remainder when 172975 is divided by 7562.
6611
What is the remainder when 9992009 is divided by 188?
185
Calculate the remainder when 49198449 is divided by 122.
119
What is the remainder when 88780 is divided by 1369?
1164
Calculate the remainder when 16984950 is divided by 965.
950
Calculate the remainder when 1002590 is divided by 1002577.
13
What is the remainder when 84631226 is divided by 45?
41
What is the remainder when 305768 is divided by 2248?
40
What is the remainder when 10586944 is divided by 5051?
48
Calculate the remainder when 762783 is divided by 74.
65
Calculate the remainder when 104413 is divided by 52166.
81
What is the remainder when 110594 is divided by 321?
170
Calculate the remainder when 7426519 is divided by 99019.
94
What is the remainder when 16231577 is divided by 118?
87
Calculate the remainder when 9023045 is divided by 6.
5
What is the remainder when 51352721 is divided by 28?
21
What is the remainder when 91409788 is divided by 53?
52
What is the remainder when 4688906 is divided by 937778?
16
What is the remainder when 116808 is divided by 3639?
360
What is the remainder when 4092584 is divided by 227?
1
What is the remainder when 1705037 is divided by 1121?
1117
Calculate the remainder when 18843191 is divided by 271.
19
What is the remainder when 229741 is divided by 1749?
622
Calculate the remainder when 64666979 is divided by 180.
179
Calculate the remainder when 18966664 is divided by 18.
10
Calculate the remainder when 118123 is divided by 38230.
3433
Calculate the remainder when 119630781 is divided by 4264.
4261
Calculate the remainder when 18778 is divided by 18636.
142
What is the remainder when 28633633 is divided by 27?
25
What is the remainder when 1858762 is divided by 385?
367
What is the remainder when 3045164 is divided by 4247?
65
What is the remainder when 1608397 is divided by 14?
7
Calculate the remainder when 48953836 is divided by 179318.
22
Calculate the remainder when 16180 is divided by 4421.
2917
What is the remainder when 695071 is divided by 1413?
1288
Calculate the remainder when 78933777 is divided by 166879.
10
Calculate the remainder when 121350 is divided by 1153.
285
What is the remainder when 3191844 is divided by 797959?
8
Calculate the remainder when 259422 is divided by 119.
2
Calculate the remainder when 596555 is divided by 149128.
43
What is the remainder when 425065 is divided by 53092?
329
What is the remainder when 44858 is divided by 1706?
502
What is the remainder when 8840772 is divided by 1064?
1060
Calculate the remainder when 1371593 is divided by 257.
241
What is the remainder when 320009 is divided by 2319?
2306
What is the remainder when 6101 is divided by 1752?
845
Calculate the remainder when 9174202 is divided by 1551.
37
What is the remainder when 230987 is divided by 3248?
379
What is the remainder when 7615768 is divided by 312?
160
What is the remainder when 17198062 is divided by 104?
102
What is the remainder when 2198167 is divided by 732704?
55
What is the remainder when 28782361 is divided by 415?
36
Calculate the remainder when 1015351 is divided by 279.
70
What is the remainder when 22029943 is divided by 11014967?
9
Calculate the remainder when 19932022 is divided by 1027.
6
Calculate the remainder when 77406 is divided by 5861.
1213
What is the remainder when 35268298 is divided by 596?
594
Calculate the remainder when 21347007 is divided by 45.
42
Calculate the remainder when 96210097 is divided by 89001.
16
Calculate the remainder when 9870527 is divided by 759268.
43
Calculate the remainder when 352089 is divided by 5101.
120
What is the remainder when 762425 is divided by 253734?
1223
Calculate the remainder when 4622441 is divided by 665.
26
Calculate the remainder when 18500684 is divided by 8360.
4
Calculate the remainder when 92327 is divided by 22604.
1911
Calculate the remainder when 7728659 is divided by 15.
14
What is the remainder when 56449 is divided by 7965?
694
What is the remainder when 11062980 is divided by 283663?
123
Calculate the remainder when 49666093 is divided by 17.
15
Calculate the remainder when 524482 is divided by 1426.
1140
Calculate the remainder when 16639 is divided by 15457.
1182
What is the remainder when 212562282 is divided by 58?
54
What is the remainder when 137224961 is divided by 2650?
11
Calculate the remainder when 1408281 is divided by 19030.
61
What is the remainder when 34745334 is divided by 69?
39
What is the remainder when 22542629 is divided by 623?
620
What is the remainder when 9005861 is divided by 1002?
887
What is the remainder when 1318716 is divided by 68?
60
Calculate the remainder when 211317935 is divided by 6.
5
What is the remainder when 75610 is divided by 641?
613
Calculate the remainder when 514123 is divided by 102801.
118
Calculate the remainder when 31716 is divided by 603.
360
What is the remainder when 472989 is divided by 42993?
66
Calculate the remainder when 566073 is divided by 188668.
69
What is the remainder when 5106494 is divided by 461?
458
Calculate the remainder when 12849744 is divided by 6593.
6580
What is the remainder when 1507661 is divided by 1637?
1621
What is the remainder when 319612 is divided by 64?
60
What is the remainder when 2112913 is divided by 1154?
1093
Calculate the remainder when 27729 is divided by 309.
228
Calculate the remainder when 107430 is divided by 2618.
92
Calculate the remainder when 28338162 is divided by 693.
6
What is the remainder when 40862465 is divided by 30?
5
Calculate the remainder when 790548 is divided by 4075.
4073
Calculate the remainder when 45847920 is divided by 2292396.
0
Calculate the remainder when 433163 is divided by 72183.
65
What is the remainder when 21711 is divided by 93?
42
What is the remainder when 82073 is divided by 20498?
81
What is the remainder when 118466895 is divided by 952?
15
Calculate the remainder when 5487090 is divided by 914513.
12
Calculate the remainder when 3879840 is divided by 19795.
20
Calculate the remainder when 66369359 is divided by 5221.
7
Calculate the remainder when 177332 is divided by 3500.
2332
Calculate the remainder when 100794 is divided by 2057.
1
What is the remainder when 1067 is divided by 134?
129
What is the remainder when 32119 is divided by 19?
9
Calculate the remainder when 467749 is divided by 732.
1
Calculate the remainder when 164115448 is divided by 270.
268
Calculate the remainder when 1079234 is divided by 695.
594
What is the remainder when 144678 is divided by 4380?
138
Calculate the remainder when 391859 is divided by 88.
83
Calculate the remainder when 1163549 is divided by 43.
12
What is the remainder when 32560581 is divided by 16280269?
43
Calculate the remainder when 1630580 is divided by 3038.
2212
What is the remainder when 8859851 is divided by 1771804?
831
Calculate the remainder when 12069736 is divided by 862124.
0
Calculate the remainder when 519089 is divided by 172825.
614
What is the remainder when 4494302 is divided by 107007?
8
Calculate the remainder when 8457297 is divided by 1115.
22
What is the remainder when 17693 is divided by 17680?
13
Calculate the remainder when 21036390 is divided by 3484.
3482
What is the remainder when 3528526 is divided by 72?
22
Calculate the remainder when 35108 is divided by 5872.
5748
Calculate the remainder when 612131 is divided by 29147.
44
Calculate the remainder when 332437679 is divided by 72.
71
What is the remainder when 229985 is divided by 1066?
795
Calculate the remainder when 7690948 is divided by 70559.
17
Calculate the remainder when 11557694 is divided by 11.
5
What is the remainder when 2468838 is divided by 493765?
13
What is the remainder when 95687526 is divided by 3086694?
12
What is the remainder when 8235124 is divided by 217?
191
What is the remainder when 3863